ctors of w.
2, 3, 5
Let p be (-14)/7 + (-4)/(-2). Suppose 12 = -2*z - 3*h + 2*h, -2*z + 3*h - 12 = p. List the prime factors of z/21 - (-405)/21.
19
Let z(j) be the third derivative of j**4/12 - j**3/2 + 6*j**2. Let k be z(-6). What are the prime factors of 55/(-2)*12/k?
2, 11
List the prime factors of (8/(-6) - -2)/((-2)/(-1011)).
337
Suppose -l - 23 = -304. What are the prime factors of l?
281
List the prime factors of -9*2/(-6) - -2*2174.
19, 229
Let g(z) = 5*z**3 - 4*z**2 + 17*z - 14. What are the prime factors of g(4)?
2, 5, 31
Let r = 1195 - -3855. List the prime factors of r.
2, 5, 101
Let v be (-2 + 3)/1 - -396. What are the prime factors of v/2 - (1 - (-6)/(-4))?
199
Let x = 1542 + -1036. List the prime factors of x.
2, 11, 23
Let d be 42/(-98) - (-10)/7. Let m = d - -13. What are the prime factors of m?
2, 7
Suppose 108*p = 4*y + 105*p - 16842, 5*p = -10. List the prime factors of y.
3, 23, 61
Suppose -3*r + 9 + 22 = 4*m, -33 = -5*r - 2*m. Suppose -2*u + 116 + 51 = 3*d, 0 = r*u - 3*d - 470. List the prime factors of u.
7, 13
Let x = 314 - 260. List the prime factors of x.
2, 3
Let w(q) = 5*q**2 - 2*q + 1. Let u(i) be the second derivative of -i**4/12 + 5*i**3/6 + 7*i**2/2 + i. Let a be u(6). What are the prime factors of w(a)?
2
Suppose 2*y - 101 - 243 = 0. List the prime factors of y.
2, 43
Let x(c) be the first derivative of -c**4/4 - 7*c**3 - c**2/2 + 14*c - 11. List the prime factors of x(-21).
5, 7
Suppose 13146 = 4*l + 2*y, -3854 = -2*l - 5*y + 2707. What are the prime factors of l?
2, 3, 137
Let l be 6/14 + 67/7. Suppose -2*i - 2 = 8, -5*y - 2*i = l. Let c(v) = -v**3 - v**2 + 35. List the prime factors of c(y).
5, 7
Suppose j - 16 = -6. Suppose 13*u - 393 = j*u. What are the prime factors of u?
131
Let m(o) = -3*o - 1. Suppose 0 = -3*n + 1 - 4. Let d be m(n). Let i = 21 - d. What are the prime factors of i?
19
Let w = 7355 + -3102. List the prime factors of w.
4253
Let s(w) = 293*w**2 - 2*w + 5. List the prime factors of s(2).
3, 17, 23
Let s be 15424/48 - (-4)/6. List the prime factors of s/4 + (-13)/26.
2, 5
Let n(s) = 2*s. Let j be n(0). Suppose 2*z - 3*z = r - 44, j = z + 3*r - 42. What are the prime factors of z?
3, 5
Suppose 8616 = -74*x + 86*x. What are the prime factors of x?
2, 359
Suppose 14192 = -0*x + 16*x. What are the prime factors of x?
887
Let t = 299 - -91. Let k = t - 224. List the prime factors of k.
2, 83
Suppose 0*a - 4*a = -8. Let h = 206 - 210. List the prime factors of -3 - (188/h + a).
2, 3, 7
Suppose 3*d - 533 = 5*j, -j - 90 - 769 = -5*d. List the prime factors of d.
3, 19
Suppose 0 = 8*n - 7*n - 4. Suppose -2*a + 328 = -n*w, 0*a - 5*w = -2*a + 323. List the prime factors of a.
2, 3, 29
Let q = 1 - -12. Let w = 32 - q. What are the prime factors of w?
19
Let v = -648 + 1373. List the prime factors of v.
5, 29
Let m = 1402 + -454. List the prime factors of m.
2, 3, 79
Let j(t) = 162*t - 771. What are the prime factors of j(30)?
3, 29, 47
Let j(z) = 4185*z + 108. List the prime factors of j(1).
3, 53
Suppose 4 = -27*c + 25*c. What are the prime factors of c + -1 - ((-6)/(-2) + -155)?
149
Let n be (0 - -1) + 1 + 0 + 1. Suppose -3*r - 86 = -n*y - 404, -4*r - 3*y + 431 = 0. List the prime factors of r.
107
Let w = -5854 - -9032. List the prime factors of w.
2, 7, 227
Suppose 4*s - 7*s = -h - 1850, -4*h = 5*s - 3055. List the prime factors of s.
3, 5, 41
Let v be -2*(12/(-4) - -2). Suppose -g = -4*a + 159, 0 = v*g + 1 + 5. What are the prime factors of a?
3, 13
Let t(x) = x**2 + x. Let k(a) = a**3 + 11*a**2 + 14*a + 11. Let y(b) = -k(b) + 4*t(b). What are the prime factors of y(-6)?
13
Let g(c) = -753*c + 1. What are the prime factors of g(-1)?
2, 13, 29
Suppose -2*v + 15 = v. Let a(f) be the second derivative of -f**5/20 + f**4/2 + f**3/6 - 9*f**2/2 - 5*f. What are the prime factors of a(v)?
3, 7
Let y(w) = -26*w + 93. What are the prime factors of y(-10)?
353
Suppose 0 = -r - 3*r + 6*r. Let w(l) = 8*l + 104. What are the prime factors of w(r)?
2, 13
Suppose 248*r + 9716 = 255*r. What are the prime factors of r?
2, 347
Let o(y) = -y**2 - 6*y + 7. Let n be o(-6). Let l = 29 - n. Suppose -4*k = -2*k - l. List the prime factors of k.
11
Let q(d) = d**3 + 5*d**2 - 3*d - 10. Let j be q(-4). List the prime factors of 4/j + 13897/117.
7, 17
List the prime factors of 9/((-243)/(-59514)) + 32/(-144).
2, 19, 29
Let u be (1 + 2 + -5)/2. Let o be (-3465)/(-27) + u/3. What are the prime factors of 5/2*o/40?
2
Let d(o) = 22*o**3 + 7*o**2 - 38*o + 15. List the prime factors of d(5).
2, 5, 11
Suppose 3*w - 5*w - 14 = 0. Let b be 1/(w/8 - -1). Suppose -b*r = -11*r + 57. What are the prime factors of r?
19
Suppose -62*p + 61*p + 1673 = 2*j, -2507 = -3*j - 2*p. List the prime factors of j.
839
Let f(m) = -2*m**3 - 3*m**2 + 8*m + 9. Let q be f(-4). Suppose 5*r - 28 = q. Suppose r = b - 3. List the prime factors of b.
2, 5
Suppose 14*x - 7224 = 10514. What are the prime factors of x?
7, 181
Suppose 0 = y + 1 - 5. Suppose -2*d - y = -10. Suppose d*v + 5*a - 69 = 64, v - 63 = 3*a. What are the prime factors of v?
3, 17
Let f be ((-2)/6)/(2/6). Let n be (0/f)/(-1 - -4). Let y(t) = t**3 + t + 13. List the prime factors of y(n).
13
Let t be (284/(-4))/(-1) + 2. Let f = 138 - t. List the prime factors of f.
5, 13
Let c(g) = -39*g - 12. Let d be c(7). Let w = 495 + d. List the prime factors of w.
2, 3, 5, 7
Let y(b) = -b**2 - 3*b - 6. Let h(q) be the first derivative of q**3/3 + 2*q**2 + 5*q - 7. Let i(d) = -4*h(d) - 5*y(d). What are the prime factors of i(7)?
2, 13
Let v = -10 - -13. Suppose 0 = 5*b + 3*t - 40, -2*b = -v*b + 2*t - 5. Suppose y - 4*l - 10 - 5 = 0, 3*l = -b*y + 121. What are the prime factors of y?
23
Let g be (-10)/(-7) - 1 - (-234)/42. Suppose -284 - 268 = -g*a. List the prime factors of a.
2, 23
What are the prime factors of 390/(-45) - -10 - (-10492)/6?
2, 5, 7
List the prime factors of (1038/(-8))/(10/(-40)).
3, 173
Let v be ((-663)/(-26))/(-3*1/(-4)). Suppose 5*s - v = 626. What are the prime factors of s?
2, 3, 11
Let x(s) = 0*s**2 - 6*s + s**2 + 5 + 0*s**2. Let p be x(5). Suppose m + 3*m - 12 = p. List the prime factors of m.
3
Let v = -55 - -353. List the prime factors of v.
2, 149
Suppose -3*b - 4*b = -581. Suppose w + q - b = 0, -8*q = -5*q + 3. What are the prime factors of w?
2, 3, 7
Suppose 26*b - 50*b = -21144. List the prime factors of b.
881
Let n = 20 - 55. What are the prime factors of 534/7 - (-10)/n?
2, 19
List the prime factors of 5/25 + 9390/50.
2, 47
Suppose 4*x + c = 133, -2*c = x - 7*c - 28. Let z be (-2)/(-6) - (-350)/21. Let v = x - z. What are the prime factors of v?
2
Suppose -9 = 5*j - 19. Suppose -2*s + 143 + 73 = j*x, 0 = -5*x + 4*s + 504. List the prime factors of x.
2, 13
Suppose 4*j - 9 = 4*w - 1, -3*w - 2*j + 19 = 0. Suppose -4*q - q - h = -1171, -3*h - 699 = -w*q. List the prime factors of q.
2, 3, 13
Suppose 0*t = t - 40. Suppose 4*j = -4*v - 64, t = v - 3*v - 4*j. List the prime factors of v/4*52/(-6).
2, 13
Let a = -24 - -16. Let h = a + 16. What are the prime factors of h?
2
Let k(y) = y + 128. Let d be k(0). Let x = 42 + d. List the prime factors of x.
2, 5, 17
Suppose -4*c = 5*t - 9, 0 = -t - c + 3*c - 1. Let a be t/(-2)*0/(-4). Suppose -6*w = -a*w - 36. What are the prime factors of w?
2, 3
Let n be 2/(0 + 4/366). What are the prime factors of 4*n/24*2?
61
Suppose 1209 = 4*v + 5*s, 5*v - 2*s + 0*s - 1470 = 0. List the prime factors of v.
2, 37
Suppose -d = -5*a + 2*a + 402, -2*d = 5*a - 659. Let k = a + 13. List the prime factors of k.
2, 73
Let h(g) = 7*g**2 - 7*g - 5. Let p be h(-4). Let a = p + -42. What are the prime factors of a?
3, 31
Suppose 3 = -2*r + 1. Let a be r/((-2)/(-2))*-1. List the prime factors of (24/9)/(a/6).
2
Let v(p) = -832*p + 225. List the prime factors of v(-4).
11, 17, 19
What are the prime factors of (-3 + (-26)/(-4))/((-11)/(-946))?
7, 43
Suppose 3*i = 23*k - 26*k + 1119, -5*k - 4*i + 1868 = 0. List the prime factors of k.
2, 47
Let x be 117/12*(3 + 1). Suppose 4*z = 2*s + 100, -2*z + 4*s = -x - 11. What are the prime factors of z?
5
Let h = 10565 + -4822. What are the prime factors of h?
5743
Let c(k) = -k**3 - 13*k**2 - 35*k - 14. List the prime factors of c(-12).
2, 131
Let x(v) = v - 8. Let y be x(11). Suppose y*p = -5*u + 24, 2*p + 14 =